1. Determine h(126).
-13
Let d(b) = 257*b - 21453. Give d(84).
135
Let y(a) = -a**3 + 26*a**2 - 6*a + 146. Give y(26).
-10
Let w(k) = -2*k**3 + 730*k**2 - 785*k + 54. Give w(1).
-3
Let t(k) = 2481*k - 39699. Calculate t(16).
-3
Let l(q) = 5*q**3 - 7*q**2 + 106*q - 11. Calculate l(7).
2103
Let q(v) = -2003*v + 6312. What is q(3)?
303
Let r(q) = -3259*q - 15965. Determine r(-5).
330
Let v(c) = -170*c**3 + 5*c**2 + 2*c - 6. Give v(2).
-1342
Let v(z) = -521*z - 7704. What is v(-15)?
111
Let g(w) = -w**2 - 306*w + 66752. Give g(-451).
1357
Let f(t) = -28*t**3 + 7*t**2 + 12*t - 21. Determine f(-3).
762
Let y(m) = -170*m**2 - 1409*m - 260. Give y(-8).
132
Let k(t) = -88*t - 7795. Determine k(-84).
-403
Let r(z) = 44*z**3 + 488*z**2 - 13*z - 31. Determine r(-11).
596
Let s(d) = -8*d**2 + 310*d - 4697. Determine s(14).
-1925
Let w(g) = g**3 + 251*g**2 - 1809*g - 792. Calculate w(-258).
-18
Let x(b) = 4*b**2 - 706*b + 12240. What is x(157)?
-6
Let y(o) = 2*o**3 + 11*o**2 - 294*o - 235. Give y(-15).
-100
Let k(a) = -905326*a + 8147936. Give k(9).
2
Let i(b) = -355*b**2 - 3894*b - 116. Determine i(-11).
-237
Let x(g) = 4*g**2 + 240*g - 105323. Give x(-195).
-23
Let x(h) = 41345*h + 1736479. Determine x(-42).
-11
Let p(g) = 19344*g - 521948. What is p(27)?
340
Let q(u) = 54*u**2 + 1667*u - 660. Give q(-31).
-443
Let q(s) = 3524*s + 1039574. Determine q(-295).
-6
Let d(q) = -q**3 + 13*q**2 + 413*q - 111. What is d(-16)?
705
Let z(y) = -4*y**3 - 6*y**2 - 262*y - 523. What is z(-2)?
9
Let l(a) = 175*a**3 - 1051*a**2 + 85*a - 473. Determine l(6).
1
Let l(c) = -2*c**2 - 158907*c + 1271380. Determine l(8).
-4
Let j(i) = 497*i + 7451. What is j(-15)?
-4
Let k(h) = -24018*h - 24091. Determine k(-1).
-73
Let c(q) = -3160*q + 285. Calculate c(0).
285
Let u(l) = -l**2 + 19761*l + 911243. Determine u(-46).
121
Let k(s) = s**3 - 37*s**2 + 1250*s - 43715. Determine k(36).
-11
Let k(v) = -v**3 + 67*v**2 - 224*v + 1985. Give k(64).
-63
Let j(n) = -11*n**3 + 7*n**2 + 253*n + 617. Determine j(6).
11
Let d(j) = -j**3 - 11*j**2 - 17*j - 9. Calculate d(-11).
178
Let n(y) = -1158*y + 95206. Give n(82).
250
Let o(y) = 696*y - 193388. Calculate o(278).
100
Let z(w) = -w**3 + 5*w**2 + 234*w - 421. Give z(17).
89
Let v(p) = -2*p**3 - 9*p**2 - 22*p - 78. What is v(-7)?
321
Let f(j) = -j**3 - 11*j**2 - 65*j - 335. Give f(-6).
-125
Let g(q) = 2*q**3 + 88*q**2 + 162*q - 253. Calculate g(-42).
-1
Let r(s) = 2*s**3 - 51*s**2 - 1018*s + 2622. What is r(38)?
38
Let n(g) = g**3 - 10*g**2 + 65*g - 24. Determine n(9).
480
Let q(a) = -2*a**2 - 243472*a - 1947646. Determine q(-8).
2
Let i(l) = 141*l**2 + 628*l - 639. What is i(1)?
130
Let f(b) = -2*b**2 + 77544*b - 387715. Calculate f(5).
-45
Let u(w) = 3*w**2 + 26*w - 160. Give u(-13).
9
Let n(f) = -f**3 + 34*f**2 + 470*f - 9312. Determine n(40).
-112
Let q(y) = -771*y - 93360. What is q(-121)?
-69
Let b(h) = -h**3 + 246*h**2 - 4223*h - 1705. Determine b(19).
5
Let j(r) = r**2 - 5159*r + 2950118. Calculate j(655).
-2
Let w(m) = 9281*m - 5865604. What is w(632)?
-12
Let p(z) = -z**2 - 110*z + 3205. Determine p(28).
-659
Let a(o) = 8365*o + 150620. Calculate a(-18).
50
Let a(f) = -1819*f - 867657. Calculate a(-477).
6
Let a(b) = -75911*b + 75758. What is a(1)?
-153
Let a(y) = -y**3 + 434*y**2 + 27103*y + 11439. Calculate a(-55).
-1
Let f(j) = -290*j + 7082. Determine f(26).
-458
Let n(s) = -24298*s + 1627960. What is n(67)?
-6
Let y(j) = 117*j**2 - 822*j - 929. Determine y(8).
-17
Let l(y) = y**2 + 10045*y - 1580990. What is l(155)?
10
Let p(h) = -h**2 - 145*h + 4671. Calculate p(28).
-173
Let j(s) = 2*s**2 - 6254*s + 337913. Calculate j(55).
-7
Let b(u) = u**3 - 70*u**2 - 657*u - 115. Determine b(-8).
149
Let v(b) = -13*b**3 + 6*b**2 + 2052*b - 4096. Calculate v(2).
-72
Let w(m) = 186*m**2 - 1202*m - 1384. Give w(-1).
4
Let z(i) = -285*i**2 + 33347*i - 215. What is z(117)?
19
Let d(i) = -232*i**2 - 12091*i - 371. Calculate d(-52).
1033
Let n(k) = -436*k - 6025. What is n(-15)?
515
Let c(s) = -8445*s**3 + 236464*s**2 - 111*s - 42. Give c(28).
-14
Let s(y) = 2*y**3 + 46*y**2 + 45*y - 263. Give s(-18).
2167
Let c(d) = 898*d - 7327. Calculate c(8).
-143
Let n(p) = -p**3 - 11*p**2 + 261*p + 558. Calculate n(-22).
140
Let w(q) = -965*q - 1349. Determine w(-1).
-384
Let t(j) = -7*j**2 + 658*j - 2676. Calculate t(84).
3204
Let b(i) = -i**2 - 31*i - 220. What is b(-22)?
-22
Let t(f) = -3*f**2 + 12155*f - 84949. What is t(7)?
-11
Let n(h) = -2*h**3 - 18*h**2 + 14525*h + 145050. Determine n(-10).
0
Let w(h) = 2205*h + 2503. What is w(-1)?
298
Let v(l) = -8*l**2 - 104*l + 445. Calculate v(-17).
-99
Let t(h) = -14*h**2 + 807*h + 192. Calculate t(59).
-929
Let y(v) = 63*v - 15. Calculate y(4).
237
Let a(c) = 2*c**3 + 728*c**2 + 11808*c + 168. What is a(-17)?
-2
Let p(w) = -2*w**3 + 2*w**2 + 573*w - 2781. Calculate p(5).
-116
Let q(z) = -z**2 - 112*z + 8323. Give q(-163).
10
Let g(t) = t**3 + 1133*t**2 + 3568*t + 1477087. What is g(-1131)?
1
Let z(i) = -286*i + 5034. What is z(18)?
-114
Let r(b) = 89*b**3 - 28*b**2 + 20*b - 27. Determine r(3).
2184
Let o(r) = 908*r**2 + 320*r - 4. Determine o(-1).
584
Let m(s) = 113*s - 2691. Give m(24).
21
Let t(g) = g**3 + 7*g**2 - 14*g + 105. Give t(-11).
-225
Let l(n) = 33*n + 835. Calculate l(-2).
769
Let z(m) = m**3 + 9*m**2 - 440*m - 194. Determine z(21).
3796
Let u(f) = 2*f**2 - 13*f - 3022. Calculate u(42).
-40
Let t(r) = 25*r**2 - 2919*r - 39476. Calculate t(129).
-2
Let h(c) = c**3 - 48*c**2 + 116*c - 51. Calculate h(2).
-3
Let s(h) = -h**2 + 97*h + 4105. Determine s(128).
137
Let m(z) = -101*z - 15255. Determine m(-152).
97
Let b(s) = -s**3 + 41*s**2 + 892*s + 1116. Determine b(57).
-24
Let o(u) = 5282*u - 31705. Calculate o(6).
-13
Let v(x) = -108*x**3 - 19*x**2 - 73*x - 61. Calculate v(-3).
2903
Let b(q) = -1051*q + 488710. Determine b(465).
-5
Let l(a) = -494*a - 43045. Give l(-87).
-67
Let f(h) = -1228*h + 180682. What is f(147)?
166
Let r(p) = 532*p - 73917. Give r(139).
31
Let w(r) = -22*r**2 - 2401*r + 23398. Calculate w(9).
7
Let f(t) = -6*t**3 - 500*t**2 - 641*t + 1236. What is f(-82)?
6
Let k(d) = -13*d**3 - 4317*d**2 - 332*d - 15. Give k(-332).
-15
Let f(y) = 594837*y + 2974178. Give f(-5).
-7
Let j(i) = -2*i**3 - 23*i**2 - 75*i - 2034. Determine j(-14).
-4
Let z(w) = -9*w**2 + 202*w - 1479. Give z(16).
-551
Let n(k) = k**3 + 9*k**2 - 6*k + 134. Determine n(-13).
-464
Let k(t) = -1812*t**2 + 251*t - 2. Give k(1).
-1563
Let g(y) = -2*y**3 - 363*y**2 - 11580*y + 5548. Give g(-140).
-52
Let k(j) = j**3 - 259*j**2 - 2418*j + 1503. What is k(268)?
-105
Let n(d) = 4*d**2 - 6726*d - 54071. Calculate n(-8).
-7
Let g(d) = 41*d**2 + 1601*d + 12125. Give g(-10).
215
Let f(u) = u**3 - 19*u**2 - 68*u - 85. Determine f(-4).
-181
Let a(o) = -1933*o - 2179. What is a(-1)?
-246
Let s(z) = 4946*z + 984261. Give s(-199).
7
Let i(r) = 171213*r + 4622747. Calculate i(-27).
-4
Let p(i) = -i**3 + 72*i**2 - 1198*i + 48284. Give p(65).
-11
Let l(o) = -3*o**3 + 1135*o - 3407. Determine l(3).
-83
Let n(j) = j**3 - 1666*j**2 + 24768*j - 34. Calculate n(15).
11
Let j(z) = 15*z**2 - 1431*z + 654. What is j(95)?
84
Let q(a) = 238*a**2 - 16889*a - 475. What is q(71)?
164
Let i(z) = 25*z**2 + 447*z - 1794. Calculate i(4).
394
Let s(h) = -33907*h - 13122009. Calculate s(-387).
0
Let p(w) = -399792*w - 399786. Calculate p(-1).
6
Let k(l) = -42*l**2 + 145*l + 27. Determine k(5).
-298
Let y(m) = m**3 + 88*m**2 - 474*m - 18301. Determine y(-91).
-10
Let b(z) = -z**3 + 47*z**2 + 58*z + 330. Calculate b(48).
810
Let s(l) = 972*l - 9926. What is s(10)?
-206
Let l(i) = 351837*i - 5277559. Give l(15).
-4
Let n(u) = 3*u**3 - 228*u**2 - 33*u - 15247. Give n(77).
-1
Let n(b) = -47746*b + 572917. What is n(12)?
-35
Let p(v) = 4*v**3 + 815*v**2 - 195*v + 1875. Calculate p(-204).
39
Let u(k) = 2*k**3 - 1743*k**2 - 4251*k - 104027. Determine u(874).
-21
Let c(o) = -o**3 - 153*o**2 - 5213*o - 563. Determine c(-51).
-2
Let v(u) = 10*u**2 - 1060*u - 12863. Determine v(117).
7
Let u(x) = -x**3 + 200*x**2 + 665*x - 11373. Determine u(203).
-5
Let n(g) = -3*g**3 - 2*g**2 - 2250*g - 4484. Give n(-2).
32
Let m(k) = -33327*k - 633208. Calculate m(-19).
5
Let b(a) = 77225*a - 77268. What is b(1)?
-43
Let z(p) = 7*p**2 + 79*p - 8532. What is z(-41)?
-4
Let o